{"id":50,"date":"2016-02-10T18:29:00","date_gmt":"2016-02-10T18:29:00","guid":{"rendered":"http:\/\/grafimedia.eu\/esp\/?page_id=50"},"modified":"2017-01-31T22:52:22","modified_gmt":"2017-01-31T21:52:22","slug":"soporte-remoto","status":"publish","type":"page","link":"https:\/\/grafimedia.eu\/esp\/soporte-remoto\/","title":{"rendered":"Soporte remoto"},"content":{"rendered":"<h1>Soporte remoto<\/h1>\n<p>Soporte remoto por los expertos en tecnolog\u00eda de la informaci\u00f3n de salud de Grafimedia para todos los sistemas m\u00e9dicos digitales y software avanzado.<\/p>\n<p>En la tecnolog\u00eda de la informaci\u00f3n (TI ), <strong>las herramientas de soporte remoto<\/strong> son herramientas inform\u00e1ticas y software que permiten a un t\u00e9cnico o un representante de soporte para conectarse a una computadora remota desde su consola a trav\u00e9s de Internet y trabajar directamente en el sistema remoto . Aunque su objetivo principal es el acceso a las computadoras ubicadas en cualquier parte del mundo, las aplicaciones de soporte remoto tambi\u00e9n proporcionan caracter\u00edsticas como la transferencia de archivos, uso compartido de escritorio, sincronizaci\u00f3n de archivos, \u00a0l\u00ednea de comandos o accesibilidad de invitados.<\/p>\n<p><img loading=\"lazy\" decoding=\"async\" class=\" wp-image-492 aligncenter\" src=\"http:\/\/grafimedia.eu\/esp\/wp-content\/uploads\/sites\/4\/2016\/02\/teamviewer.png\" alt=\"Soporte remoto teamviewer\" width=\"438\" height=\"438\" srcset=\"https:\/\/grafimedia.eu\/esp\/wp-content\/uploads\/sites\/4\/2016\/02\/teamviewer.png 512w, https:\/\/grafimedia.eu\/esp\/wp-content\/uploads\/sites\/4\/2016\/02\/teamviewer-150x150.png 150w, https:\/\/grafimedia.eu\/esp\/wp-content\/uploads\/sites\/4\/2016\/02\/teamviewer-300x300.png 300w\" sizes=\"(max-width: 438px) 100vw, 438px\" \/><\/p>\n<p style=\"font-size: 15px;\"><strong style=\"color: blue;\">Teamviewer<\/strong>: Herramienta muy \u00fatil de Grafimedia para apoyar de forma remota y \/ o mostrar su software sugerido. \u00a0<a href=\"http:\/\/www.teamviewer.com\/es\/Index.aspx\" target=\"_blank\">Visita la p\u00e1gina <\/a> correspondiente y siga las instrucciones.<\/p>\n<blockquote>\n<p style=\"font-size: 15px;\"><strong>Aproveche esta oportunidad<\/strong><\/p>\n<\/blockquote>\n<p style=\"font-size: 15px;\">Soporte remoto, acceso remoto y software de reuni\u00f3n en l\u00ednea en los que todo el mundo se basa\u00a0 &#8211; 1 mil millones de instalaciones y m\u00e1s de 20 millones de dispositivos en l\u00ednea en cualquier momento.<\/p>\n<p style=\"font-size: 15px;\">\n<p style=\"font-size: 15px;\">\n<p><a href=\"mailto:sales@grafimedia.eu?subject=Soporte remoto\">\u00bfInteresado? Solicite m\u00e1s informaci\u00f3n<\/a><\/p>\n","protected":false},"excerpt":{"rendered":"<p>Soporte remoto Soporte remoto por los expertos en tecnolog\u00eda de la informaci\u00f3n de salud de Grafimedia para todos los sistemas m\u00e9dicos digitales y software avanzado. En la tecnolog\u00eda de la informaci\u00f3n (TI ), las herramientas de soporte remoto son herramientas <a class=\"more-link\" href=\"https:\/\/grafimedia.eu\/esp\/soporte-remoto\/\">Continue reading <span class=\"screen-reader-text\">  Soporte remoto<\/span><span class=\"meta-nav\">&rarr;<\/span><\/a><\/p>\n","protected":false},"author":1,"featured_media":589,"parent":0,"menu_order":0,"comment_status":"closed","ping_status":"closed","template":"page-disable-sidebar.php","meta":{"_exactmetrics_skip_tracking":false,"_exactmetrics_sitenote_active":false,"_exactmetrics_sitenote_note":"","_exactmetrics_sitenote_category":0,"footnotes":""},"class_list":["post-50","page","type-page","status-publish","has-post-thumbnail","hentry"],"_links":{"self":[{"href":"https:\/\/grafimedia.eu\/esp\/wp-json\/wp\/v2\/pages\/50"}],"collection":[{"href":"https:\/\/grafimedia.eu\/esp\/wp-json\/wp\/v2\/pages"}],"about":[{"href":"https:\/\/grafimedia.eu\/esp\/wp-json\/wp\/v2\/types\/page"}],"author":[{"embeddable":true,"href":"https:\/\/grafimedia.eu\/esp\/wp-json\/wp\/v2\/users\/1"}],"replies":[{"embeddable":true,"href":"https:\/\/grafimedia.eu\/esp\/wp-json\/wp\/v2\/comments?post=50"}],"version-history":[{"count":5,"href":"https:\/\/grafimedia.eu\/esp\/wp-json\/wp\/v2\/pages\/50\/revisions"}],"predecessor-version":[{"id":590,"href":"https:\/\/grafimedia.eu\/esp\/wp-json\/wp\/v2\/pages\/50\/revisions\/590"}],"wp:featuredmedia":[{"embeddable":true,"href":"https:\/\/grafimedia.eu\/esp\/wp-json\/wp\/v2\/media\/589"}],"wp:attachment":[{"href":"https:\/\/grafimedia.eu\/esp\/wp-json\/wp\/v2\/media?parent=50"}],"curies":[{"name":"wp","href":"https:\/\/api.w.org\/{rel}","templated":true}]}}