{"id":18,"date":"2016-02-10T17:20:48","date_gmt":"2016-02-10T17:20:48","guid":{"rendered":"http:\/\/grafimedia.eu\/esp\/?page_id=18"},"modified":"2016-08-27T13:55:28","modified_gmt":"2016-08-27T13:55:28","slug":"icon-bytes-his","status":"publish","type":"page","link":"https:\/\/grafimedia.eu\/esp\/icon-bytes-his\/","title":{"rendered":"icon &#038; bytes HIS"},"content":{"rendered":"<h1>icon &amp; bytes HIS<img loading=\"lazy\" decoding=\"async\" class=\"alignright size-full wp-image-355\" src=\"http:\/\/grafimedia.eu\/esp\/wp-content\/uploads\/sites\/4\/2016\/02\/Grafimedia-ICON-logo-square_9-small-e1472223048973.jpg\" alt=\"Grafimedia-ICON logo\" width=\"88\" height=\"88\" \/><\/h1>\n<p>Icon &amp; bytes HIS es un sistema completo &#8211; desde la reserva de una cita a la expedici\u00f3n de factura &#8211; que puede expandirse y adaptarse a sus necesidades.<\/p>\n<p><strong>Citas de los pacientes<br \/>\n<\/strong>Programaci\u00f3n de citas por departamento, tiempo o m\u00e9dico.<br \/>\nEjecutar y completar las citas, crear visitas.<\/p>\n<p style=\"font-size: 15px;\"><strong>Visitas de pacientes<\/strong><br \/>\nInformaci\u00f3n demogr\u00e1fica amplia.<br \/>\nGastos de examen.<br \/>\nMedicaci\u00f3n.<br \/>\nArchivos y registros para administrar la medicaci\u00f3n, ex\u00e1menes , informaci\u00f3n para el paciente.<br \/>\nImpresi\u00f3n de los recibos de recogida autorizados.<\/p>\n<p style=\"font-size: 15px;\"><strong>Registros m\u00e9dicos del paciente<\/strong><br \/>\nInformaci\u00f3n sobre la salud.<br \/>\nHistoria m\u00e9dica.<br \/>\nEntrar y registrar los resultados del examen manualmente o autom\u00e1ticamente ( si hay icon LIS ).<br \/>\nTexto libre por cada visita &#8211; opini\u00f3n m\u00e9dica.<br \/>\nImpresi\u00f3n de visualizaci\u00f3n de im\u00e1genes ICON.<br \/>\nMedicamentos por visita.<br \/>\nImpresi\u00f3n de im\u00e1genes basadas en la plantilla por defecto.<\/p>\n<h2>\u00a0<img loading=\"lazy\" decoding=\"async\" class=\"size-full wp-image-397 aligncenter\" src=\"http:\/\/grafimedia.eu\/esp\/wp-content\/uploads\/sites\/4\/2016\/02\/Icon-bytes-HIS-es-un-sistema-completo-desde-la-reserva-de-una-cita-a-la-expedici\u00f3n-de-factura-que-puede-expandirse-y-adaptarse-a-sus-necesidades..jpg\" alt=\"Icon &amp; bytes HIS es un sistema completo - desde la reserva de una cita a la expedici\u00f3n de factura - que puede expandirse y adaptarse a sus necesidades.\" width=\"892\" height=\"502\" srcset=\"https:\/\/grafimedia.eu\/esp\/wp-content\/uploads\/sites\/4\/2016\/02\/Icon-bytes-HIS-es-un-sistema-completo-desde-la-reserva-de-una-cita-a-la-expedici\u00f3n-de-factura-que-puede-expandirse-y-adaptarse-a-sus-necesidades..jpg 892w, https:\/\/grafimedia.eu\/esp\/wp-content\/uploads\/sites\/4\/2016\/02\/Icon-bytes-HIS-es-un-sistema-completo-desde-la-reserva-de-una-cita-a-la-expedici\u00f3n-de-factura-que-puede-expandirse-y-adaptarse-a-sus-necesidades.-300x169.jpg 300w, https:\/\/grafimedia.eu\/esp\/wp-content\/uploads\/sites\/4\/2016\/02\/Icon-bytes-HIS-es-un-sistema-completo-desde-la-reserva-de-una-cita-a-la-expedici\u00f3n-de-factura-que-puede-expandirse-y-adaptarse-a-sus-necesidades.-768x432.jpg 768w\" sizes=\"(max-width: 892px) 100vw, 892px\" \/><\/h2>\n<h2>Icon &amp; bytes HIS tambi\u00e9n ofrece:<\/h2>\n<p style=\"font-size: 15px;\"><strong>Facturaci\u00f3n<\/strong><br \/>\nEmisi\u00f3n de facturas al sector de la salud p\u00fablica o privada y a las compa\u00f1\u00edas de seguros, basadas en las listas de precios.<br \/>\nListas para ver, seleccionar, alterar las facturas emitidas.<br \/>\nCuentas financieras del paciente.<br \/>\nCopias impresas.<br \/>\nSaldo adeudado del paciente.<br \/>\nFacturaci\u00f3n por per\u00edodo \/ departamento.<br \/>\nEx\u00e1menes completados por departamento \/ fecha.<\/p>\n<p><strong>Incluye todas las funciones de icon y bytes Medical Office m\u00e1s<\/strong><br \/>\nEspecificaci\u00f3n de los usuarios para cada grupo.<br \/>\nDeterminaci\u00f3n de privilegios por subsistema \/ proceso.<br \/>\nConsulte a PACS para las im\u00e1genes que pertenecen a un examen espec\u00edfico y la recuperaci\u00f3n de las im\u00e1genes Dicon y su conversi\u00f3n\u00a0a JPEG para la vista previa . (S\u00f3lo si icon PACS est\u00e1 conectado , ya sea a trav\u00e9s de LAN o WAN ).<br \/>\nMandar una unidad de diagn\u00f3stico a consultar, recuperar y presentar un examen espec\u00edfico del icon PACS.<\/p>\n<p>\u00bfLe gustar\u00eda ayudar a su empresa a ser m\u00e1s verde? A continuaci\u00f3n, eche un vistazo a las \u00faltimas noticias sobre las impresoras Xerox en la secci\u00f3n <a href=\"http:\/\/grafimedia.eu\/blog\/make-office-greener-grafimedia\/\">Noticias<\/a>.<\/p>\n<p>&nbsp;<\/p>\n<hr \/>\n<p style=\"text-align: left;\"><a href=\"mailto:sales@grafimedia.eu?subject=icon and bytes HIS_en\">\u00bfInteresado? Solicite m\u00e1s informaci\u00f3n<\/a><\/p>\n<p><img loading=\"lazy\" decoding=\"async\" src=\"http:\/\/grafimedia.eu\/wp-content\/uploads\/2016\/02\/logo_BB-\u03a0\u03bb\u03b7\u03c1\u03bf\u03c6\u03bf\u03c1\u03b9\u03ba\u03ae.png\" alt=\"logo_bnb_site_300x80\" width=\"142\" height=\"80\" align=\"left\" \/><\/p>\n","protected":false},"excerpt":{"rendered":"<p>icon &amp; bytes HIS Icon &amp; bytes HIS es un sistema completo &#8211; desde la reserva de una cita a la expedici\u00f3n de factura &#8211; que puede expandirse y adaptarse a sus necesidades. Citas de los pacientes Programaci\u00f3n de citas <a class=\"more-link\" href=\"https:\/\/grafimedia.eu\/esp\/icon-bytes-his\/\">Continue reading <span class=\"screen-reader-text\">  icon &#038; bytes HIS<\/span><span class=\"meta-nav\">&rarr;<\/span><\/a><\/p>\n","protected":false},"author":1,"featured_media":397,"parent":0,"menu_order":0,"comment_status":"closed","ping_status":"closed","template":"page-disable-sidebar.php","meta":{"_exactmetrics_skip_tracking":false,"_exactmetrics_sitenote_active":false,"_exactmetrics_sitenote_note":"","_exactmetrics_sitenote_category":0,"footnotes":""},"class_list":["post-18","page","type-page","status-publish","has-post-thumbnail","hentry"],"_links":{"self":[{"href":"https:\/\/grafimedia.eu\/esp\/wp-json\/wp\/v2\/pages\/18"}],"collection":[{"href":"https:\/\/grafimedia.eu\/esp\/wp-json\/wp\/v2\/pages"}],"about":[{"href":"https:\/\/grafimedia.eu\/esp\/wp-json\/wp\/v2\/types\/page"}],"author":[{"embeddable":true,"href":"https:\/\/grafimedia.eu\/esp\/wp-json\/wp\/v2\/users\/1"}],"replies":[{"embeddable":true,"href":"https:\/\/grafimedia.eu\/esp\/wp-json\/wp\/v2\/comments?post=18"}],"version-history":[{"count":5,"href":"https:\/\/grafimedia.eu\/esp\/wp-json\/wp\/v2\/pages\/18\/revisions"}],"predecessor-version":[{"id":403,"href":"https:\/\/grafimedia.eu\/esp\/wp-json\/wp\/v2\/pages\/18\/revisions\/403"}],"wp:featuredmedia":[{"embeddable":true,"href":"https:\/\/grafimedia.eu\/esp\/wp-json\/wp\/v2\/media\/397"}],"wp:attachment":[{"href":"https:\/\/grafimedia.eu\/esp\/wp-json\/wp\/v2\/media?parent=18"}],"curies":[{"name":"wp","href":"https:\/\/api.w.org\/{rel}","templated":true}]}}