{"id":102,"date":"2016-02-23T11:55:27","date_gmt":"2016-02-23T11:55:27","guid":{"rendered":"http:\/\/grafimedia.eu\/esp\/?page_id=102"},"modified":"2018-09-12T14:42:04","modified_gmt":"2018-09-12T12:42:04","slug":"contactenos","status":"publish","type":"page","link":"https:\/\/grafimedia.eu\/esp\/contactenos\/","title":{"rendered":"Cont\u00e1ctenos"},"content":{"rendered":"<h1>Cont\u00e1ctenos\u00a0Grafimedia<\/h1>\n<p><strong>P\u00f3ngase en contacto con los expertos en tecnolog\u00eda de la informaci\u00f3n de Grafimedia \u00a0<\/strong><\/p>\n<p>Los expertos en tecnolog\u00eda de la informaci\u00f3n de Grafimedia evaluan correctamente las necesidades del cliente. Nuestro equipo puede recomendar una soluci\u00f3n total que se ajusta mejor al presupuesto de la pr\u00e1ctica privada, centro de diagn\u00f3stico, cl\u00ednica o hospital. El equipo Grafimedia puede recomendar sistemas que se han desarrollado en la empresa. Tambi\u00e9n puede recomendar productos de alta calidad de fabricantes de terceros conocidos de todas partes del mundo. Un examen cuidadoso de los datos financieros y t\u00e9cnicos, junto con el an\u00e1lisis exhaustivo de sus necesidades, permite a nuestros expertos a proponer la soluci\u00f3n con el costo m\u00e1s favorable al cociente de valor.<\/p>\n<blockquote><p><strong>\u201cLa informaci\u00f3n correcta que llega al m\u00e9dico de forma r\u00e1pida y en el momento adecuado puede salvar vidas\u201d<\/strong><\/p><\/blockquote>\n<p>Grafimedia desarrolla, instala y es compatible con los sistemas de informaci\u00f3n m\u00e9dica digitales. La informaci\u00f3n cl\u00ednica puede estar disponible en forma de texto, voz, imagen o video. Las im\u00e1genes cl\u00ednicas que son generadas por el equipo m\u00e9dico, como un esc\u00e1ner de ultrasonido, tomograf\u00eda computarizada, resonancia magn\u00e9tica, colposcopio, endoscopio o microscopio se transfieren a un ordenador donde se integran con otra informaci\u00f3n relevante en un archivo electr\u00f3nico del paciente.<\/p>\n<p>Este archivo multimedia puede entonces ser puesto a disposici\u00f3n a trav\u00e9s de una red de \u00e1rea local ( LAN ) o una red de \u00e1rea extensa ( WAN ) a cualquier punto que se necesita. Cuando no es posible transferir la informaci\u00f3n digital a trav\u00e9s de la red, se puede grabar en un CD- ROM o DVD y luego ser entregada f\u00edsicamente al lugar donde se necesita. Aunque Grafimedia se centra en la informaci\u00f3n cl\u00ednica digital, en caso de que sea necesario para que una copia impresa, quiz\u00e1s para fines de documentaci\u00f3n, proporcionamos la soluci\u00f3n para imprimir en papel de tama\u00f1o A4.<\/p>\n<p><img loading=\"lazy\" decoding=\"async\" class=\"size-full wp-image-511 aligncenter\" src=\"http:\/\/grafimedia.eu\/esp\/wp-content\/uploads\/sites\/4\/2016\/02\/Cont\u00e1ctenos-Grafimedia.jpg\" alt=\"Cont\u00e1ctenos Grafimedia\" width=\"768\" height=\"432\" srcset=\"https:\/\/grafimedia.eu\/esp\/wp-content\/uploads\/sites\/4\/2016\/02\/Cont\u00e1ctenos-Grafimedia.jpg 768w, https:\/\/grafimedia.eu\/esp\/wp-content\/uploads\/sites\/4\/2016\/02\/Cont\u00e1ctenos-Grafimedia-300x169.jpg 300w\" sizes=\"(max-width: 768px) 100vw, 768px\" \/><\/p>\n<h2><\/h2>\n<h2>Departamentos:<\/h2>\n<p><strong>Departamento de Ventas :<\/strong>\u00a0\u00a0<a href=\"mailto:sales@grafimedia.eu\">sales@grafimedia.eu<\/a><br \/>\n<strong>Departamento de Soporte :<\/strong>\u00a0<a href=\"mailto:support@grafimedia.eu\">support@grafimedia.eu<\/a><br \/>\n<strong>Departamento de Desarrollo :<\/strong>\u00a0<a href=\"mailto:development@grafimedia.eu\">development@grafimedia.eu<\/a><br \/>\n<strong>Departamento de Marketing :<a href=\"http:\/\/marketing@grafimedia.eu\">\u00a0<\/a><\/strong><a href=\"mailto:marketing@grafimedia.eu\">marketing@grafimedia.eu<\/a><\/p>\n<h1><\/h1>\n<p>&nbsp;<\/p>\n<h1>Oficinas de Grafimedia<\/h1>\n<p><strong><a href=\"http:\/\/grafimedia.eu\/gr\/%CE%B5%CF%80%CE%B9%CE%BA%CE%BF%CE%B9%CE%BD%CF%89%CE%BD%CE%AF%CE%B1\/\" target=\"_blank\" rel=\"noopener\">Oficinas de Grafimedia en Atenas\u00a0<\/a><br \/>\n<\/strong>Vasiliou Voulgaroktonou 53<br \/>\nAthina 114 73<br \/>\nGreece<br \/>\nTelf:\u00a0+30 2103819939, +30 2103819350<\/p>\n<p><a href=\"http:\/\/grafimedia.eu\/esp\/contactenos\/\" target=\"_blank\" rel=\"noopener\"><strong>Oficinas de Grafimedia en Barcelona \u00a0<\/strong><\/a><br \/>\nBarber\u00e1, 34. Entlo. 3<sup><u>a<\/u><\/sup><br \/>\n08290 Cerdanyola del Vall\u00e8s<br \/>\nBarcelona \u00a0Spain<br \/>\nTelf: +34 61 746 2282<\/p>\n<p id=\"yui_3_16_0_ym19_1_1469795563972_50735\" class=\"yiv0683181450MsoNormal\"><a href=\"http:\/\/grafimedia.eu\/de\/\" target=\"_blank\" rel=\"noopener\"><strong><span id=\"yui_3_16_0_ym19_1_1469795563972_50748\" lang=\"EN-US\">Oficinas de Grafimedia en Lugano\u00a0<\/span><\/strong><\/a><br \/>\nVia Vanoni 2<br \/>\nCH-6900 Lugano<br \/>\nSwitzerland<br \/>\nTelf: +41919249313<\/p>\n<p class=\"yiv0683181450MsoNormal\"><a href=\"http:\/\/grafimedia.eu\/it\/contattaci\/\" target=\"_blank\" rel=\"noopener\"><strong>Oficinas de Grafimedia en Milano<\/strong><\/a><br \/>\nVia Mantova 36<br \/>\n<span id=\"yui_3_16_0_ym19_1_1473840777200_6609\" lang=\"EN-US\">20099 Sesto San Giovanni<\/span><br \/>\nMilano Italy<br \/>\nTelf: +3407801584<\/p>\n<p><a href=\"https:\/\/grafimedia.eu\/gr\/%CE%B5%CF%80%CE%B9%CE%BA%CE%BF%CE%B9%CE%BD%CF%89%CE%BD%CE%AF%CE%B1\/\" target=\"_blank\" rel=\"noopener\"><strong>Oficinas de Grafimedia en Tesal\u00f3nica<\/strong><\/a><br \/>\nAmpelokipon 46<br \/>\n57019 Thessaloniki<br \/>\nGreece<br \/>\nTelf: +30 6947690571<\/p>\n<p>&nbsp;<\/p>\n<p><strong>\u00bfLe gustar\u00eda conocer nuestras noticias? A continuaci\u00f3n, suscr\u00edbase a nuestro <a href=\"http:\/\/grafimedia.eu\/newsletter-grafimedia\/\">bolet\u00edn de noticias<\/a><\/strong><\/p>\n<h1><img alt=\"\" align=\"right\" \/><\/h1>\n<p>&nbsp;<\/p>\n","protected":false},"excerpt":{"rendered":"<p>Cont\u00e1ctenos\u00a0Grafimedia P\u00f3ngase en contacto con los expertos en tecnolog\u00eda de la informaci\u00f3n de Grafimedia \u00a0 Los expertos en tecnolog\u00eda de la informaci\u00f3n de Grafimedia evaluan correctamente las necesidades del cliente. Nuestro equipo puede recomendar una soluci\u00f3n total que se ajusta <a class=\"more-link\" href=\"https:\/\/grafimedia.eu\/esp\/contactenos\/\">Continue reading <span class=\"screen-reader-text\">  Cont\u00e1ctenos<\/span><span class=\"meta-nav\">&rarr;<\/span><\/a><\/p>\n","protected":false},"author":1,"featured_media":511,"parent":0,"menu_order":0,"comment_status":"closed","ping_status":"closed","template":"page-disable-sidebar.php","meta":{"_exactmetrics_skip_tracking":false,"_exactmetrics_sitenote_active":false,"_exactmetrics_sitenote_note":"","_exactmetrics_sitenote_category":0,"footnotes":""},"class_list":["post-102","page","type-page","status-publish","has-post-thumbnail","hentry"],"_links":{"self":[{"href":"https:\/\/grafimedia.eu\/esp\/wp-json\/wp\/v2\/pages\/102"}],"collection":[{"href":"https:\/\/grafimedia.eu\/esp\/wp-json\/wp\/v2\/pages"}],"about":[{"href":"https:\/\/grafimedia.eu\/esp\/wp-json\/wp\/v2\/types\/page"}],"author":[{"embeddable":true,"href":"https:\/\/grafimedia.eu\/esp\/wp-json\/wp\/v2\/users\/1"}],"replies":[{"embeddable":true,"href":"https:\/\/grafimedia.eu\/esp\/wp-json\/wp\/v2\/comments?post=102"}],"version-history":[{"count":5,"href":"https:\/\/grafimedia.eu\/esp\/wp-json\/wp\/v2\/pages\/102\/revisions"}],"predecessor-version":[{"id":510,"href":"https:\/\/grafimedia.eu\/esp\/wp-json\/wp\/v2\/pages\/102\/revisions\/510"}],"wp:featuredmedia":[{"embeddable":true,"href":"https:\/\/grafimedia.eu\/esp\/wp-json\/wp\/v2\/media\/511"}],"wp:attachment":[{"href":"https:\/\/grafimedia.eu\/esp\/wp-json\/wp\/v2\/media?parent=102"}],"curies":[{"name":"wp","href":"https:\/\/api.w.org\/{rel}","templated":true}]}}